{"id":3763,"date":"2023-12-17T11:56:48","date_gmt":"2023-12-17T10:56:48","guid":{"rendered":"https:\/\/arbre-en-bois.fr\/?post_type=product&#038;p=3763"},"modified":"2023-12-20T20:46:30","modified_gmt":"2023-12-20T19:46:30","slug":"meuble-zero-dechet","status":"publish","type":"product","link":"https:\/\/arbre-en-bois.fr\/?product=meuble-zero-dechet","title":{"rendered":"Meuble z\u00e9ro d\u00e9chet"},"content":{"rendered":"<p>Adapt\u00e9 aux produits secs. Il se positionne autant \u00e0 la place d\u2019un lin\u00e9aire, d\u2019une TG ou tout simplement contre un mur.<\/p>\n<p>Il vous permet de mettre en valeur le savon \u00e0 la coupe, quelques savons conditionn\u00e9s et vos produits secs tels que les dentifrices d\u00e9o secs&#8230;<\/p>\n<p>Un caisson avec des s\u00e9parateurs mobiles facilitent la mise en place et la pr\u00e9sentation d\u2019accessoires vendus en vrac tels que les \u00e9ponges, les brosses&#8230;<\/p>\n<p>&nbsp;<\/p>\n<p>Sur option : il est \u00e9quip\u00e9 d\u2019un tiroir de rangement (R\u00e9f : MEUZEROT).<\/p>\n<p>&nbsp;<\/p>\n<p>En triplis \u00e9pic\u00e9a verni.<\/p>\n<p>Dimensions. L. 104 x prof. 40 x H. 190 \/ 209 cm.<\/p>\n<p>&nbsp;<\/p>\n<p>Le avantages du produit :<\/p>\n<ul>\n<li><span style=\"color: #ee7f00;\">Tableau noir pour \u00e9crire les prix et ou offres.\u00a0<\/span><\/li>\n<li><span style=\"color: #ee7f00;\">Cales de support savon \u00e0 la coupe et\/ou support prix.\u00a0<\/span><\/li>\n<li><span style=\"color: #ee7f00;\">Plan de travail en craft fa\u00e7on ardoise.<\/span><\/li>\n<li><span style=\"color: #ee7f00;\">Bac vrac avec s\u00e9parateurs r\u00e9glables.<\/span><\/li>\n<\/ul>\n<div class=\"fusion-button-wrapper\"><a class=\"fusion-button button-flat fusion-button-default-size button-default fusion-button-default button-1 fusion-button-default-span fusion-button-default-type\" target=\"_blank\" rel=\"noopener noreferrer\" href=\"https:\/\/drive.google.com\/file\/d\/1apa2Wp2jI3TYSAYTKgoNEVuobYXGdpfN\/view\"><span class=\"fusion-button-text\">Brochure<\/span><\/a><\/div>\n","protected":false},"excerpt":{"rendered":"<p>Solution <span style=\"color: #ee7f00;\">\u00ab\u00a0Meuble z\u00e9ro d\u00e9chet\u00a0\u00bb <\/span>pour la distribution et la mise en avant de votre vrac sec z\u00e9ro d\u00e9chet.<\/p>\n<p>Note : Vendu hors produits cosm\u00e9tiques<\/p>\n","protected":false},"featured_media":3711,"template":"","meta":[],"product_cat":[58,54],"product_tag":[],"yoast_head":"<!-- This site is optimized with the Yoast SEO plugin v21.7 - https:\/\/yoast.com\/wordpress\/plugins\/seo\/ -->\n<title>Meuble z\u00e9ro d\u00e9chet - Arbre en bois<\/title>\n<meta name=\"robots\" content=\"index, follow, max-snippet:-1, max-image-preview:large, max-video-preview:-1\" \/>\n<link rel=\"canonical\" href=\"https:\/\/arbre-en-bois.fr\/?product=meuble-zero-dechet\" \/>\n<meta property=\"og:locale\" content=\"fr_FR\" \/>\n<meta property=\"og:type\" content=\"article\" \/>\n<meta property=\"og:title\" content=\"Meuble z\u00e9ro d\u00e9chet - Arbre en bois\" \/>\n<meta property=\"og:description\" content=\"Solution &quot;Meuble z\u00e9ro d\u00e9chet&quot; pour la distribution et la mise en avant de votre vrac sec z\u00e9ro d\u00e9chet.  Note : Vendu hors produits cosm\u00e9tiques\" \/>\n<meta property=\"og:url\" content=\"https:\/\/arbre-en-bois.fr\/?product=meuble-zero-dechet\" \/>\n<meta property=\"og:site_name\" content=\"Arbre en bois\" \/>\n<meta property=\"article:publisher\" content=\"https:\/\/www.facebook.com\/CameleonDesign.ArbreEnBois\/\" \/>\n<meta property=\"article:modified_time\" content=\"2023-12-20T19:46:30+00:00\" \/>\n<meta name=\"twitter:card\" content=\"summary_large_image\" \/>\n<meta name=\"twitter:image\" content=\"https:\/\/i0.wp.com\/arbre-en-bois.fr\/wp-content\/uploads\/2023\/12\/MEUBLE_COSMETIQUE_ZERO_DECHET.jpg?fit=239%2C368&ssl=1\" \/>\n<meta name=\"twitter:label1\" content=\"Dur\u00e9e de lecture estim\u00e9e\" \/>\n\t<meta name=\"twitter:data1\" content=\"1 minute\" \/>\n<script type=\"application\/ld+json\" class=\"yoast-schema-graph\">{\"@context\":\"https:\/\/schema.org\",\"@graph\":[{\"@type\":\"WebPage\",\"@id\":\"https:\/\/arbre-en-bois.fr\/?product=meuble-zero-dechet\",\"url\":\"https:\/\/arbre-en-bois.fr\/?product=meuble-zero-dechet\",\"name\":\"Meuble z\u00e9ro d\u00e9chet - Arbre en bois\",\"isPartOf\":{\"@id\":\"https:\/\/arbre-en-bois.fr\/#website\"},\"datePublished\":\"2023-12-17T10:56:48+00:00\",\"dateModified\":\"2023-12-20T19:46:30+00:00\",\"breadcrumb\":{\"@id\":\"https:\/\/arbre-en-bois.fr\/?product=meuble-zero-dechet#breadcrumb\"},\"inLanguage\":\"fr-FR\",\"potentialAction\":[{\"@type\":\"ReadAction\",\"target\":[\"https:\/\/arbre-en-bois.fr\/?product=meuble-zero-dechet\"]}]},{\"@type\":\"BreadcrumbList\",\"@id\":\"https:\/\/arbre-en-bois.fr\/?product=meuble-zero-dechet#breadcrumb\",\"itemListElement\":[{\"@type\":\"ListItem\",\"position\":1,\"name\":\"Accueil\",\"item\":\"https:\/\/arbre-en-bois.fr\/\"},{\"@type\":\"ListItem\",\"position\":2,\"name\":\"Boutique\",\"item\":\"https:\/\/arbre-en-bois.fr\/?page_id=3150\"},{\"@type\":\"ListItem\",\"position\":3,\"name\":\"Meuble z\u00e9ro d\u00e9chet\"}]},{\"@type\":\"WebSite\",\"@id\":\"https:\/\/arbre-en-bois.fr\/#website\",\"url\":\"https:\/\/arbre-en-bois.fr\/\",\"name\":\"Arbre en bois\",\"description\":\"R\u00e9alisons ensemble votre mobilier !\",\"potentialAction\":[{\"@type\":\"SearchAction\",\"target\":{\"@type\":\"EntryPoint\",\"urlTemplate\":\"https:\/\/arbre-en-bois.fr\/?s={search_term_string}\"},\"query-input\":\"required name=search_term_string\"}],\"inLanguage\":\"fr-FR\"}]}<\/script>\n<!-- \/ Yoast SEO plugin. -->","yoast_head_json":{"title":"Meuble z\u00e9ro d\u00e9chet - Arbre en bois","robots":{"index":"index","follow":"follow","max-snippet":"max-snippet:-1","max-image-preview":"max-image-preview:large","max-video-preview":"max-video-preview:-1"},"canonical":"https:\/\/arbre-en-bois.fr\/?product=meuble-zero-dechet","og_locale":"fr_FR","og_type":"article","og_title":"Meuble z\u00e9ro d\u00e9chet - Arbre en bois","og_description":"Solution \"Meuble z\u00e9ro d\u00e9chet\" pour la distribution et la mise en avant de votre vrac sec z\u00e9ro d\u00e9chet.  Note : Vendu hors produits cosm\u00e9tiques","og_url":"https:\/\/arbre-en-bois.fr\/?product=meuble-zero-dechet","og_site_name":"Arbre en bois","article_publisher":"https:\/\/www.facebook.com\/CameleonDesign.ArbreEnBois\/","article_modified_time":"2023-12-20T19:46:30+00:00","twitter_card":"summary_large_image","twitter_image":"https:\/\/i0.wp.com\/arbre-en-bois.fr\/wp-content\/uploads\/2023\/12\/MEUBLE_COSMETIQUE_ZERO_DECHET.jpg?fit=239%2C368&ssl=1","twitter_misc":{"Dur\u00e9e de lecture estim\u00e9e":"1 minute"},"schema":{"@context":"https:\/\/schema.org","@graph":[{"@type":"WebPage","@id":"https:\/\/arbre-en-bois.fr\/?product=meuble-zero-dechet","url":"https:\/\/arbre-en-bois.fr\/?product=meuble-zero-dechet","name":"Meuble z\u00e9ro d\u00e9chet - Arbre en bois","isPartOf":{"@id":"https:\/\/arbre-en-bois.fr\/#website"},"datePublished":"2023-12-17T10:56:48+00:00","dateModified":"2023-12-20T19:46:30+00:00","breadcrumb":{"@id":"https:\/\/arbre-en-bois.fr\/?product=meuble-zero-dechet#breadcrumb"},"inLanguage":"fr-FR","potentialAction":[{"@type":"ReadAction","target":["https:\/\/arbre-en-bois.fr\/?product=meuble-zero-dechet"]}]},{"@type":"BreadcrumbList","@id":"https:\/\/arbre-en-bois.fr\/?product=meuble-zero-dechet#breadcrumb","itemListElement":[{"@type":"ListItem","position":1,"name":"Accueil","item":"https:\/\/arbre-en-bois.fr\/"},{"@type":"ListItem","position":2,"name":"Boutique","item":"https:\/\/arbre-en-bois.fr\/?page_id=3150"},{"@type":"ListItem","position":3,"name":"Meuble z\u00e9ro d\u00e9chet"}]},{"@type":"WebSite","@id":"https:\/\/arbre-en-bois.fr\/#website","url":"https:\/\/arbre-en-bois.fr\/","name":"Arbre en bois","description":"R\u00e9alisons ensemble votre mobilier !","potentialAction":[{"@type":"SearchAction","target":{"@type":"EntryPoint","urlTemplate":"https:\/\/arbre-en-bois.fr\/?s={search_term_string}"},"query-input":"required name=search_term_string"}],"inLanguage":"fr-FR"}]}},"jetpack_sharing_enabled":true,"_links":{"self":[{"href":"https:\/\/arbre-en-bois.fr\/index.php?rest_route=\/wp\/v2\/product\/3763"}],"collection":[{"href":"https:\/\/arbre-en-bois.fr\/index.php?rest_route=\/wp\/v2\/product"}],"about":[{"href":"https:\/\/arbre-en-bois.fr\/index.php?rest_route=\/wp\/v2\/types\/product"}],"wp:featuredmedia":[{"embeddable":true,"href":"https:\/\/arbre-en-bois.fr\/index.php?rest_route=\/wp\/v2\/media\/3711"}],"wp:attachment":[{"href":"https:\/\/arbre-en-bois.fr\/index.php?rest_route=%2Fwp%2Fv2%2Fmedia&parent=3763"}],"wp:term":[{"taxonomy":"product_cat","embeddable":true,"href":"https:\/\/arbre-en-bois.fr\/index.php?rest_route=%2Fwp%2Fv2%2Fproduct_cat&post=3763"},{"taxonomy":"product_tag","embeddable":true,"href":"https:\/\/arbre-en-bois.fr\/index.php?rest_route=%2Fwp%2Fv2%2Fproduct_tag&post=3763"}],"curies":[{"name":"wp","href":"https:\/\/api.w.org\/{rel}","templated":true}]}}

Meuble zéro déchet

<p>Adapté aux produits secs. Il se positionne autant à la place d’un linéaire, d’une TG ou tout simplement contre un mur.</p>
<p>Il vous permet de mettre en valeur le savon à la coupe, quelques savons conditionnés et vos produits secs tels que les dentifrices déo secs&#8230;</p>
<p>Un caisson avec des séparateurs mobiles facilitent la mise en place et la présentation d’accessoires vendus en vrac tels que les éponges, les brosses&#8230;</p>
<p>&nbsp;</p>
<p>Sur option : il est équipé d’un tiroir de rangement (Réf : MEUZEROT).</p>
<p>&nbsp;</p>
<p>En triplis épicéa verni.</p>
<p>Dimensions. L. 104 x prof. 40 x H. 190 / 209 cm.</p>
<p>&nbsp;</p>
<p>Le avantages du produit :</p>
<ul>
<li><span style="color: #ee7f00;">Tableau noir pour écrire les prix et ou offres. </span></li>
<li><span style="color: #ee7f00;">Cales de support savon à la coupe et/ou support prix. </span></li>
<li><span style="color: #ee7f00;">Plan de travail en craft façon ardoise.</span></li>
<li><span style="color: #ee7f00;">Bac vrac avec séparateurs réglables.</span></li>
</ul>
<div class="fusion-button-wrapper"><a class="fusion-button button-flat fusion-button-default-size button-default fusion-button-default button-1 fusion-button-default-span fusion-button-default-type" target="_blank" rel="noopener noreferrer" href="https://drive.google.com/file/d/1apa2Wp2jI3TYSAYTKgoNEVuobYXGdpfN/view"><span class="fusion-button-text">Brochure</span></a></div>

<p>Solution <span style="color: #ee7f00;">« Meuble zéro déchet » </span>pour la distribution et la mise en avant de votre vrac sec zéro déchet.</p>
<p>Note : Vendu hors produits cosmétiques</p>

<!-- This site is optimized with the Yoast SEO plugin v21.7 - https://yoast.com/wordpress/plugins/seo/ -->
<title>Meuble zéro déchet - Arbre en bois</title>
<meta name="robots" content="index, follow, max-snippet:-1, max-image-preview:large, max-video-preview:-1" />
<link rel="canonical" href="https://arbre-en-bois.fr/?product=meuble-zero-dechet" />
<meta property="og:locale" content="fr_FR" />
<meta property="og:type" content="article" />
<meta property="og:title" content="Meuble zéro déchet - Arbre en bois" />
<meta property="og:description" content="Solution &quot;Meuble zéro déchet&quot; pour la distribution et la mise en avant de votre vrac sec zéro déchet.  Note : Vendu hors produits cosmétiques" />
<meta property="og:url" content="https://arbre-en-bois.fr/?product=meuble-zero-dechet" />
<meta property="og:site_name" content="Arbre en bois" />
<meta property="article:publisher" content="https://www.facebook.com/CameleonDesign.ArbreEnBois/" />
<meta property="article:modified_time" content="2023-12-20T19:46:30+00:00" />
<meta name="twitter:card" content="summary_large_image" />
<meta name="twitter:image" content="https://i0.wp.com/arbre-en-bois.fr/wp-content/uploads/2023/12/MEUBLE_COSMETIQUE_ZERO_DECHET.jpg?fit=239%2C368&ssl=1" />
<meta name="twitter:label1" content="Durée de lecture estimée" />
	<meta name="twitter:data1" content="1 minute" />
<script type="application/ld+json" class="yoast-schema-graph">{"@context":"https://schema.org","@graph":[{"@type":"WebPage","@id":"https://arbre-en-bois.fr/?product=meuble-zero-dechet","url":"https://arbre-en-bois.fr/?product=meuble-zero-dechet","name":"Meuble zéro déchet - Arbre en bois","isPartOf":{"@id":"https://arbre-en-bois.fr/#website"},"datePublished":"2023-12-17T10:56:48+00:00","dateModified":"2023-12-20T19:46:30+00:00","breadcrumb":{"@id":"https://arbre-en-bois.fr/?product=meuble-zero-dechet#breadcrumb"},"inLanguage":"fr-FR","potentialAction":[{"@type":"ReadAction","target":["https://arbre-en-bois.fr/?product=meuble-zero-dechet"]}]},{"@type":"BreadcrumbList","@id":"https://arbre-en-bois.fr/?product=meuble-zero-dechet#breadcrumb","itemListElement":[{"@type":"ListItem","position":1,"name":"Accueil","item":"https://arbre-en-bois.fr/"},{"@type":"ListItem","position":2,"name":"Boutique","item":"https://arbre-en-bois.fr/?page_id=3150"},{"@type":"ListItem","position":3,"name":"Meuble zéro déchet"}]},{"@type":"WebSite","@id":"https://arbre-en-bois.fr/#website","url":"https://arbre-en-bois.fr/","name":"Arbre en bois","description":"Réalisons ensemble votre mobilier !","potentialAction":[{"@type":"SearchAction","target":{"@type":"EntryPoint","urlTemplate":"https://arbre-en-bois.fr/?s={search_term_string}"},"query-input":"required name=search_term_string"}],"inLanguage":"fr-FR"}]}</script>
<!-- / Yoast SEO plugin. -->

Meuble zéro déchet - Arbre en bois

Solution "Meuble zéro déchet" pour la distribution et la mise en avant de votre vrac sec zéro déchet.  Note : Vendu hors produits cosmétiques

Réalisons ensemble votre mobilier !
