{"id":3139,"date":"2022-12-11T16:38:32","date_gmt":"2022-12-11T15:38:32","guid":{"rendered":"https:\/\/arbre-en-bois.fr\/?post_type=product&#038;p=3139"},"modified":"2024-01-10T18:53:34","modified_gmt":"2024-01-10T17:53:34","slug":"le-pot-de-bois-l","status":"publish","type":"product","link":"https:\/\/arbre-en-bois.fr\/?product=le-pot-de-bois-l","title":{"rendered":"\u00ab\u00a0Le pot de bois\u00a0\u00bb 10L"},"content":{"rendered":"<p><span style=\"color: #ee7f00;\">\u00ab\u00a0Le pot de bois\u00a0\u00bb<\/span>, solution de distribution est un contenant permettant de mettre les poches \u00e0 bib de <span style=\"color: #ee7f00;\">10 ou<\/span>\u00a0<span style=\"color: #ee7f00;\">15 L <\/span>(1). Sa forme compacte vous offre la possibilit\u00e9 de le placer sur toutes vos \u00e9tag\u00e8res(2) et d\u2019optimiser vos lin\u00e9aires.<\/p>\n<p>Le pot de bois est utilis\u00e9 pour les produits m\u00e9nagers ( lessive, multi-usage&#8230;).<\/p>\n<p>La vitesse de l\u2019\u00e9coulement se faisant en fonction de la viscosit\u00e9, un poids associ\u00e9 \u00e0 une tirette en fa\u00e7ade favorisent un d\u00e9bit optimal et suffisant.<\/p>\n<p>10 \/ 15 L : Dimensions l. 195 x Ht. 365 x prof. 470 mm<\/p>\n<p><img decoding=\"async\" class=\"size-full wp-image-3142 aligncenter\" src=\"https:\/\/i0.wp.com\/arbre-en-bois.fr\/wp-content\/uploads\/2022\/12\/le-pot-de-bois-L-Contenance.png?resize=431%2C365&#038;ssl=1\" alt=\"\" width=\"431\" height=\"365\" data-recalc-dims=\"1\" \/><\/p>\n<p>Le avantages du produit :<\/p>\n<ul>\n<li><span style=\"color: #ee7f00;\">Simplicit\u00e9 d\u2019utilisation.<\/span><\/li>\n<li><span style=\"color: #ee7f00;\">Le syst\u00e8me le + \u00e9conomique.<\/span><\/li>\n<li><span style=\"color: #ee7f00;\">Sans \u00e9lectricit\u00e9.<\/span><\/li>\n<li><span style=\"color: #ee7f00;\">Pour Bib Biocoop, Ecover et Ecodis de 10 ou 15 L.<\/span><\/li>\n<li><span style=\"color: #ee7f00;\">Double syst\u00e8me poids + tirette (R\u00e9duction de la perte environ 1,5 \u00e0 5 % avec la tirette et 3 \u00e0 20% sans la tirette en fonction de la viscosit\u00e9.<\/span><\/li>\n<li><span style=\"color: #ee7f00;\">Se place dans tous les lin\u00e9airesde 1 x 0,5 m(2).<\/span><\/li>\n<li><span style=\"color: #ee7f00;\">100 % fabriqu\u00e9 en Normandie(3).<\/span><\/li>\n<\/ul>\n<p>&nbsp;<\/p>\n<p>(1) Des marques Biocoop, Ecover et \u00e9codis. (2) V\u00e9rifiez bien la r\u00e9sistance de vos \u00e9tag\u00e8res. (3) Hors accessoires.<\/p>\n<div class=\"fusion-aligncenter\"><a class=\"fusion-button button-flat fusion-button-default-size button-default fusion-button-default button-1 fusion-button-default-span fusion-button-default-type\" target=\"_blank\" rel=\"noopener noreferrer\" href=\"https:\/\/drive.google.com\/file\/d\/1oND-T9YSL4vi6pbFCFMdx0qJXlQJQ031\/view?usp=sharing\"><span class=\"fusion-button-text\">Brochure<\/span><\/a><\/div>\n","protected":false},"excerpt":{"rendered":"<p>Solution <span style=\"color: #ee7f00;\">\u00ab\u00a0le pot de bois\u00a0\u00bb 10L<\/span> pour la distribution et la mise en avant de votre VRAC LIQUIDE, pour produits lessiviels.<\/p>\n<p>Note : Pot inox vendu s\u00e9par\u00e9ment<\/p>\n","protected":false},"featured_media":3146,"template":"","meta":[],"product_cat":[32,35],"product_tag":[],"yoast_head":"<!-- This site is optimized with the Yoast SEO plugin v21.7 - https:\/\/yoast.com\/wordpress\/plugins\/seo\/ -->\n<title>&quot;Le pot de bois&quot; 10L - Arbre en bois<\/title>\n<meta name=\"robots\" content=\"index, follow, max-snippet:-1, max-image-preview:large, max-video-preview:-1\" \/>\n<link rel=\"canonical\" href=\"https:\/\/arbre-en-bois.fr\/?product=le-pot-de-bois-l\" \/>\n<meta property=\"og:locale\" content=\"fr_FR\" \/>\n<meta property=\"og:type\" content=\"article\" \/>\n<meta property=\"og:title\" content=\"&quot;Le pot de bois&quot; 10L - Arbre en bois\" \/>\n<meta property=\"og:description\" content=\"Solution &quot;le pot de bois&quot; 10L pour la distribution et la mise en avant de votre VRAC LIQUIDE, pour produits lessiviels.  Note : Pot inox vendu s\u00e9par\u00e9ment\" \/>\n<meta property=\"og:url\" content=\"https:\/\/arbre-en-bois.fr\/?product=le-pot-de-bois-l\" \/>\n<meta property=\"og:site_name\" content=\"Arbre en bois\" \/>\n<meta property=\"article:publisher\" content=\"https:\/\/www.facebook.com\/CameleonDesign.ArbreEnBois\/\" \/>\n<meta property=\"article:modified_time\" content=\"2024-01-10T17:53:34+00:00\" \/>\n<meta name=\"twitter:card\" content=\"summary_large_image\" \/>\n<meta name=\"twitter:image\" content=\"https:\/\/i0.wp.com\/arbre-en-bois.fr\/wp-content\/uploads\/2022\/12\/le-pot-de-bois-L-1000-x-1000.png?fit=1000%2C1000&ssl=1\" \/>\n<meta name=\"twitter:label1\" content=\"Dur\u00e9e de lecture estim\u00e9e\" \/>\n\t<meta name=\"twitter:data1\" content=\"2 minutes\" \/>\n<script type=\"application\/ld+json\" class=\"yoast-schema-graph\">{\"@context\":\"https:\/\/schema.org\",\"@graph\":[{\"@type\":\"WebPage\",\"@id\":\"https:\/\/arbre-en-bois.fr\/?product=le-pot-de-bois-l\",\"url\":\"https:\/\/arbre-en-bois.fr\/?product=le-pot-de-bois-l\",\"name\":\"\\\"Le pot de bois\\\" 10L - Arbre en bois\",\"isPartOf\":{\"@id\":\"https:\/\/arbre-en-bois.fr\/#website\"},\"datePublished\":\"2022-12-11T15:38:32+00:00\",\"dateModified\":\"2024-01-10T17:53:34+00:00\",\"breadcrumb\":{\"@id\":\"https:\/\/arbre-en-bois.fr\/?product=le-pot-de-bois-l#breadcrumb\"},\"inLanguage\":\"fr-FR\",\"potentialAction\":[{\"@type\":\"ReadAction\",\"target\":[\"https:\/\/arbre-en-bois.fr\/?product=le-pot-de-bois-l\"]}]},{\"@type\":\"BreadcrumbList\",\"@id\":\"https:\/\/arbre-en-bois.fr\/?product=le-pot-de-bois-l#breadcrumb\",\"itemListElement\":[{\"@type\":\"ListItem\",\"position\":1,\"name\":\"Accueil\",\"item\":\"https:\/\/arbre-en-bois.fr\/\"},{\"@type\":\"ListItem\",\"position\":2,\"name\":\"Boutique\",\"item\":\"https:\/\/arbre-en-bois.fr\/?page_id=3150\"},{\"@type\":\"ListItem\",\"position\":3,\"name\":\"\u00ab\u00a0Le pot de bois\u00a0\u00bb 10L\"}]},{\"@type\":\"WebSite\",\"@id\":\"https:\/\/arbre-en-bois.fr\/#website\",\"url\":\"https:\/\/arbre-en-bois.fr\/\",\"name\":\"Arbre en bois\",\"description\":\"R\u00e9alisons ensemble votre mobilier !\",\"potentialAction\":[{\"@type\":\"SearchAction\",\"target\":{\"@type\":\"EntryPoint\",\"urlTemplate\":\"https:\/\/arbre-en-bois.fr\/?s={search_term_string}\"},\"query-input\":\"required name=search_term_string\"}],\"inLanguage\":\"fr-FR\"}]}<\/script>\n<!-- \/ Yoast SEO plugin. -->","yoast_head_json":{"title":"\"Le pot de bois\" 10L - Arbre en bois","robots":{"index":"index","follow":"follow","max-snippet":"max-snippet:-1","max-image-preview":"max-image-preview:large","max-video-preview":"max-video-preview:-1"},"canonical":"https:\/\/arbre-en-bois.fr\/?product=le-pot-de-bois-l","og_locale":"fr_FR","og_type":"article","og_title":"\"Le pot de bois\" 10L - Arbre en bois","og_description":"Solution \"le pot de bois\" 10L pour la distribution et la mise en avant de votre VRAC LIQUIDE, pour produits lessiviels.  Note : Pot inox vendu s\u00e9par\u00e9ment","og_url":"https:\/\/arbre-en-bois.fr\/?product=le-pot-de-bois-l","og_site_name":"Arbre en bois","article_publisher":"https:\/\/www.facebook.com\/CameleonDesign.ArbreEnBois\/","article_modified_time":"2024-01-10T17:53:34+00:00","twitter_card":"summary_large_image","twitter_image":"https:\/\/i0.wp.com\/arbre-en-bois.fr\/wp-content\/uploads\/2022\/12\/le-pot-de-bois-L-1000-x-1000.png?fit=1000%2C1000&ssl=1","twitter_misc":{"Dur\u00e9e de lecture estim\u00e9e":"2 minutes"},"schema":{"@context":"https:\/\/schema.org","@graph":[{"@type":"WebPage","@id":"https:\/\/arbre-en-bois.fr\/?product=le-pot-de-bois-l","url":"https:\/\/arbre-en-bois.fr\/?product=le-pot-de-bois-l","name":"\"Le pot de bois\" 10L - Arbre en bois","isPartOf":{"@id":"https:\/\/arbre-en-bois.fr\/#website"},"datePublished":"2022-12-11T15:38:32+00:00","dateModified":"2024-01-10T17:53:34+00:00","breadcrumb":{"@id":"https:\/\/arbre-en-bois.fr\/?product=le-pot-de-bois-l#breadcrumb"},"inLanguage":"fr-FR","potentialAction":[{"@type":"ReadAction","target":["https:\/\/arbre-en-bois.fr\/?product=le-pot-de-bois-l"]}]},{"@type":"BreadcrumbList","@id":"https:\/\/arbre-en-bois.fr\/?product=le-pot-de-bois-l#breadcrumb","itemListElement":[{"@type":"ListItem","position":1,"name":"Accueil","item":"https:\/\/arbre-en-bois.fr\/"},{"@type":"ListItem","position":2,"name":"Boutique","item":"https:\/\/arbre-en-bois.fr\/?page_id=3150"},{"@type":"ListItem","position":3,"name":"\u00ab\u00a0Le pot de bois\u00a0\u00bb 10L"}]},{"@type":"WebSite","@id":"https:\/\/arbre-en-bois.fr\/#website","url":"https:\/\/arbre-en-bois.fr\/","name":"Arbre en bois","description":"R\u00e9alisons ensemble votre mobilier !","potentialAction":[{"@type":"SearchAction","target":{"@type":"EntryPoint","urlTemplate":"https:\/\/arbre-en-bois.fr\/?s={search_term_string}"},"query-input":"required name=search_term_string"}],"inLanguage":"fr-FR"}]}},"jetpack_sharing_enabled":true,"_links":{"self":[{"href":"https:\/\/arbre-en-bois.fr\/index.php?rest_route=\/wp\/v2\/product\/3139"}],"collection":[{"href":"https:\/\/arbre-en-bois.fr\/index.php?rest_route=\/wp\/v2\/product"}],"about":[{"href":"https:\/\/arbre-en-bois.fr\/index.php?rest_route=\/wp\/v2\/types\/product"}],"wp:featuredmedia":[{"embeddable":true,"href":"https:\/\/arbre-en-bois.fr\/index.php?rest_route=\/wp\/v2\/media\/3146"}],"wp:attachment":[{"href":"https:\/\/arbre-en-bois.fr\/index.php?rest_route=%2Fwp%2Fv2%2Fmedia&parent=3139"}],"wp:term":[{"taxonomy":"product_cat","embeddable":true,"href":"https:\/\/arbre-en-bois.fr\/index.php?rest_route=%2Fwp%2Fv2%2Fproduct_cat&post=3139"},{"taxonomy":"product_tag","embeddable":true,"href":"https:\/\/arbre-en-bois.fr\/index.php?rest_route=%2Fwp%2Fv2%2Fproduct_tag&post=3139"}],"curies":[{"name":"wp","href":"https:\/\/api.w.org\/{rel}","templated":true}]}}

<p><span style="color: #ee7f00;">« Le pot de bois »</span>, solution de distribution est un contenant permettant de mettre les poches à bib de <span style="color: #ee7f00;">10 ou</span> <span style="color: #ee7f00;">15 L </span>(1). Sa forme compacte vous offre la possibilité de le placer sur toutes vos étagères(2) et d’optimiser vos linéaires.</p>
<p>Le pot de bois est utilisé pour les produits ménagers ( lessive, multi-usage&#8230;).</p>
<p>La vitesse de l’écoulement se faisant en fonction de la viscosité, un poids associé à une tirette en façade favorisent un débit optimal et suffisant.</p>
<p>10 / 15 L : Dimensions l. 195 x Ht. 365 x prof. 470 mm</p>
<p><img decoding="async" class="size-full wp-image-3142 aligncenter" src="https://i0.wp.com/arbre-en-bois.fr/wp-content/uploads/2022/12/le-pot-de-bois-L-Contenance.png?resize=431%2C365&#038;ssl=1" alt="" width="431" height="365" data-recalc-dims="1" /></p>
<p>Le avantages du produit :</p>
<ul>
<li><span style="color: #ee7f00;">Simplicité d’utilisation.</span></li>
<li><span style="color: #ee7f00;">Le système le + économique.</span></li>
<li><span style="color: #ee7f00;">Sans électricité.</span></li>
<li><span style="color: #ee7f00;">Pour Bib Biocoop, Ecover et Ecodis de 10 ou 15 L.</span></li>
<li><span style="color: #ee7f00;">Double système poids + tirette (Réduction de la perte environ 1,5 à 5 % avec la tirette et 3 à 20% sans la tirette en fonction de la viscosité.</span></li>
<li><span style="color: #ee7f00;">Se place dans tous les linéairesde 1 x 0,5 m(2).</span></li>
<li><span style="color: #ee7f00;">100 % fabriqué en Normandie(3).</span></li>
</ul>
<p>&nbsp;</p>
<p>(1) Des marques Biocoop, Ecover et écodis. (2) Vérifiez bien la résistance de vos étagères. (3) Hors accessoires.</p>
<div class="fusion-aligncenter"><a class="fusion-button button-flat fusion-button-default-size button-default fusion-button-default button-1 fusion-button-default-span fusion-button-default-type" target="_blank" rel="noopener noreferrer" href="https://drive.google.com/file/d/1oND-T9YSL4vi6pbFCFMdx0qJXlQJQ031/view?usp=sharing"><span class="fusion-button-text">Brochure</span></a></div>

<p>Solution <span style="color: #ee7f00;">« le pot de bois » 10L</span> pour la distribution et la mise en avant de votre VRAC LIQUIDE, pour produits lessiviels.</p>
<p>Note : Pot inox vendu séparément</p>

<!-- This site is optimized with the Yoast SEO plugin v21.7 - https://yoast.com/wordpress/plugins/seo/ -->
<title>&quot;Le pot de bois&quot; 10L - Arbre en bois</title>
<meta name="robots" content="index, follow, max-snippet:-1, max-image-preview:large, max-video-preview:-1" />
<link rel="canonical" href="https://arbre-en-bois.fr/?product=le-pot-de-bois-l" />
<meta property="og:locale" content="fr_FR" />
<meta property="og:type" content="article" />
<meta property="og:title" content="&quot;Le pot de bois&quot; 10L - Arbre en bois" />
<meta property="og:description" content="Solution &quot;le pot de bois&quot; 10L pour la distribution et la mise en avant de votre VRAC LIQUIDE, pour produits lessiviels.  Note : Pot inox vendu séparément" />
<meta property="og:url" content="https://arbre-en-bois.fr/?product=le-pot-de-bois-l" />
<meta property="og:site_name" content="Arbre en bois" />
<meta property="article:publisher" content="https://www.facebook.com/CameleonDesign.ArbreEnBois/" />
<meta property="article:modified_time" content="2024-01-10T17:53:34+00:00" />
<meta name="twitter:card" content="summary_large_image" />
<meta name="twitter:image" content="https://i0.wp.com/arbre-en-bois.fr/wp-content/uploads/2022/12/le-pot-de-bois-L-1000-x-1000.png?fit=1000%2C1000&ssl=1" />
<meta name="twitter:label1" content="Durée de lecture estimée" />
	<meta name="twitter:data1" content="2 minutes" />
<script type="application/ld+json" class="yoast-schema-graph">{"@context":"https://schema.org","@graph":[{"@type":"WebPage","@id":"https://arbre-en-bois.fr/?product=le-pot-de-bois-l","url":"https://arbre-en-bois.fr/?product=le-pot-de-bois-l","name":"\"Le pot de bois\" 10L - Arbre en bois","isPartOf":{"@id":"https://arbre-en-bois.fr/#website"},"datePublished":"2022-12-11T15:38:32+00:00","dateModified":"2024-01-10T17:53:34+00:00","breadcrumb":{"@id":"https://arbre-en-bois.fr/?product=le-pot-de-bois-l#breadcrumb"},"inLanguage":"fr-FR","potentialAction":[{"@type":"ReadAction","target":["https://arbre-en-bois.fr/?product=le-pot-de-bois-l"]}]},{"@type":"BreadcrumbList","@id":"https://arbre-en-bois.fr/?product=le-pot-de-bois-l#breadcrumb","itemListElement":[{"@type":"ListItem","position":1,"name":"Accueil","item":"https://arbre-en-bois.fr/"},{"@type":"ListItem","position":2,"name":"Boutique","item":"https://arbre-en-bois.fr/?page_id=3150"},{"@type":"ListItem","position":3,"name":"« Le pot de bois » 10L"}]},{"@type":"WebSite","@id":"https://arbre-en-bois.fr/#website","url":"https://arbre-en-bois.fr/","name":"Arbre en bois","description":"Réalisons ensemble votre mobilier !","potentialAction":[{"@type":"SearchAction","target":{"@type":"EntryPoint","urlTemplate":"https://arbre-en-bois.fr/?s={search_term_string}"},"query-input":"required name=search_term_string"}],"inLanguage":"fr-FR"}]}</script>
<!-- / Yoast SEO plugin. -->

Solution "le pot de bois" 10L pour la distribution et la mise en avant de votre VRAC LIQUIDE, pour produits lessiviels.  Note : Pot inox vendu séparément

Réalisons ensemble votre mobilier !
